 6*u. Let c(y) = -y**2 + 6*y - 4. Let r be c(4). Suppose 2*l = -d - u + 10, -2*d = -4*l - r. What is the units digit of d?
6
What is the units digit of 22/4*36/6?
3
Suppose -4*l = 15 + 5. Let c(i) = i**2 + i - 3. What is the units digit of c(l)?
7
Let a(t) = 2*t**2 + 4*t - 15. What is the tens digit of a(-7)?
5
Let l(n) = n**3 - n + 5. Suppose 0 = -6*t + 2*t. Let d be 1 + -1 + t/3. What is the units digit of l(d)?
5
Let h = 72 + -43. Let k = h + -5. What is the tens digit of k?
2
Suppose -3*x - 21 = -63. What is the units digit of x?
4
Suppose -39*w = -43*w + 28. Suppose 6 = 5*q - 4. What is the units digit of q/4*6 + w?
0
Let p(w) be the second derivative of w**5/20 - w**4/2 + w**3/3 - 3*w**2 - w. Let u = -4 - -10. What is the units digit of p(u)?
6
What is the units digit of -3*((-240)/9 + 3)?
1
Let d(g) = g**3 - 4*g**2 + 3*g + 3. Let v be d(3). Suppose v*s = -2*s. Suppose s*t = -4*t + 44. What is the units digit of t?
1
Suppose 2*n + 2 = -6. Let r = n - -6. What is the units digit of r?
2
Let a = 193 + -37. What is the hundreds digit of a?
1
Suppose 5*k = -m + 21, -k - 5*m + 6 = 21. Suppose k*s - s = 80. What is the tens digit of s?
2
Suppose -9*z + 4*z + 20 = 0. Suppose -5*k + 16 = -z. Suppose k*s - 100 = -s. What is the units digit of s?
0
Let c = -21 - -39. Let b = c + -10. Suppose -b = -a + 5*p, p + 3*p - 11 = -5*a. What is the units digit of a?
3
Let d(i) = -22*i + 6. Let r be d(-4). Suppose -3*z + r = v, -123 = -4*z - v + 2*v. What is the units digit of z?
1
What is the tens digit of 53 - (-4 + (3 - 0))?
5
Let s(v) = 2*v. Let d(m) = m**2 + 9*m + 7. Let c be d(-7). Let p be s(c). Let a = p + 20. What is the units digit of a?
6
Suppose 2*a + 3*w - 58 = 0, w - 34 = -a - 3*w. What is the tens digit of a?
2
Let v(y) be the third derivative of y**4/6 - y**3/2 + 3*y**2. What is the tens digit of v(7)?
2
Let r(h) = 6 - 3 + 27*h - 4 + 2. What is the units digit of r(1)?
8
Let p(q) = -4*q**2 - 2*q - 1. Let g be p(2). What is the units digit of g*(-2 - (-8)/6)?
4
Let a(b) = 0*b - b**3 + b + 3 - 5*b**2 + 4*b. Let k be a(-6). Suppose 3 = q + 3*u, -3*q = -3*u - k - 0. What is the units digit of q?
3
Let t be 1 + ((-4)/(-2) - 0). What is the units digit of (-1)/t*(-1 - 2)?
1
Let c be (2 - -1)/(-1) + 0. What is the units digit of (c/(-2))/((-3)/(-38))?
9
Let o be -94*((-9)/6)/3. Suppose 38 = 2*g - q, -3*g + 2*q = -11 - o. What is the tens digit of g?
1
Suppose 0 = 8*w - 3*w + 130. Let n = -58 + 20. Let f = w - n. What is the units digit of f?
2
Let z = -19 + 35. Suppose -y = -0*y + z. Let u = y + 26. What is the tens digit of u?
1
Let j = 101 + 100. What is the tens digit of j?
0
What is the units digit of (3 - 4)*(1 + -4)*1?
3
Let j = 8 + 14. What is the units digit of j?
2
Let i(o) = -2*o - 1. Let t(a) = a**3 + 3*a**2 - 4*a - 2. Suppose -5*d + 3*b - 5 = 0, -3*d - 3*b - 22 = 5. Let f be t(d). What is the units digit of i(f)?
3
Suppose -5*t - j - 25 = 0, 2*j = 4*t - j + 1. Let u = 13 - t. What is the tens digit of 0*3/6 + u?
1
Let y(b) = b + 7. Let u be y(-7). Suppose u*p = -5*p + 150. Suppose -5*w + p = -5*c, w - 24 = -4*w - c. What is the units digit of w?
5
Suppose 0 = -2*t + 3*t. Suppose t*a - a + 56 = -3*b, 0 = b + 2*a + 28. Let i = 34 + b. What is the tens digit of i?
1
Let z = 2 + 0. Suppose -9 = 4*r - 5*d, 2*d = 5*r - z*d. What is the units digit of r?
4
Let z(o) = 3*o**2 + 5*o - 34. What is the hundreds digit of z(-8)?
1
Suppose -4*n - v + 552 = 3*v, -v = 2*n - 273. What is the units digit of n?
5
Suppose 4*y = -8, -4*v - y - 440 = -7*v. What is the units digit of v?
6
Let f(d) = 9*d - 11. Let u(j) = 3*j - 8 - 2 + 5*j. Let p(l) = -5*f(l) + 6*u(l). What is the units digit of p(5)?
0
Let k = 0 + 7. Suppose -g - g + 24 = 0. Let t = g - k. What is the units digit of t?
5
Let n(b) = 4*b**2. Let o be (-6)/(-27) - 11/9. Let d be n(o). Let z = 9 - d. What is the units digit of z?
5
Let y(x) = -x**3 - 4*x**2 - 2*x - 6. Let m be y(-4). Let b = -70 + 19. What is the units digit of b/(-15) + m/(-5)?
3
Let o = 13 - 9. Let a(u) = 6*u**2 - o*u + 3*u - 4*u**2. What is the units digit of a(-1)?
3
Suppose 2*l = 5*t + 381, 5*l - 3*t - 876 = 48. What is the units digit of l?
3
Let u(m) = m + 8. Let f be u(-6). Suppose 2*g - 60 = -f*g. What is the units digit of g?
5
Let t = 123 - 66. What is the units digit of t?
7
What is the tens digit of (-345)/(-9) - 3/9?
3
Let r = 40 + -17. Let l(t) = 2*t - 3. Let n be l(4). Suppose -n*x - r = -3*y, 0 = 2*y + 5*x - 10 - 47. What is the units digit of y?
6
Suppose 4*n = -4, 2*t + 7*n - 2*n - 95 = 0. Suppose -4*q + t - 2 = 2*w, -3*q + 9 = 0. What is the tens digit of w?
1
Let t be (-259)/(-35) + (-2)/5. Suppose 5 = t*z - 296. What is the units digit of z?
3
Let s = 5 - 5. Let q = 2 - s. Suppose 5*h - 4*b = 30, 20 = 4*h - h - q*b. What is the units digit of h?
0
Suppose 0*m = -m + 10. Suppose -r + m = r. Suppose -r*w + 5*s + 60 = 0, 2*s = -3*w + s + 44. What is the units digit of w?
4
Let f be (6/4)/((-1)/2). Let p be (-6 - f) + (4 - -2). What is the units digit of (p - 17/4)*-8?
0
Suppose 4*f - 5*q = 166, 4*f + 5*q - 172 = 7*q. What is the units digit of f?
4
Suppose 0 = -l + 17 - 4. Let g = l + -9. Suppose 0 = g*z - 2*u, -2*z - 4*u = 2*z - 12. What is the units digit of z?
1
Suppose 4*g + w - 25 = 39, -w = 5*g - 80. Suppose 4*k = r - 8, 2*k = -2*k + g. What is the units digit of r?
4
What is the hundreds digit of (-7 - -17)*(-78)/(-4)?
1
Suppose 2*p + 5*w = 43, -2*p + 3 = -2*w - 5. What is the units digit of p?
9
Suppose -48 = -0*w + w - 4*l, l + 28 = -w. What is the units digit of (w/(-12))/(4/18)?
2
Let m(o) = -13*o + 1. Let n be m(-1). Let p be (-4)/n - 32/(-14). Let l = 17 + p. What is the units digit of l?
9
Let z(f) = -f**3 - 4*f**2 - 4*f - 6. Let p be z(-4). Let x(i) = i**2 - 9*i - 9. Let d be x(p). Let r = d - -4. What is the units digit of r?
5
Let j be 384/15 + (-9)/15. Let o = j + -14. What is the units digit of o?
1
What is the tens digit of (15/60)/(2/632)?
7
Suppose 6*p = 3*p + f + 413, -f - 277 = -2*p. What is the units digit of p?
6
Let g(d) = d**2 - 3*d + 2. Let r be g(2). Suppose r = -2*f + 5*w + 6, 2*f - 7*f = 2*w - 73. What is the tens digit of f?
1
Suppose -4*d + 5*v = -98, -d - 5*v + 34 = d. What is the tens digit of d?
2
Let z(i) = -i + 3. Let l be z(7). What is the units digit of (1/(-3))/(l/60)?
5
Let c be 76/12 + 6/9. Suppose 2*z = 4*r + c*z - 167, 0 = 2*r - 5*z - 61. What is the units digit of r?
8
Let k = 16 + -2. Suppose -12 = 5*f - 3*f. Let p = f + k. What is the units digit of p?
8
Let g(v) = v**2 - 12*v + 14. What is the units digit of g(12)?
4
Let q(n) = 343*n**3 - 2*n**2 + 2*n - 1. What is the units digit of q(1)?
2
Let f = -11 - -15. Suppose f*k = -k + 20. What is the units digit of k?
4
Suppose 127 = 4*y + 4*x + x, -y + 3*x = -53. What is the tens digit of y?
3
Let d = -38 - -54. What is the tens digit of d?
1
Suppose 9*y = 4*y + 140. What is the tens digit of y?
2
Let j = -3 - -3. Suppose j*f = 2*f, -35 = -5*d + 3*f. What is the units digit of d?
7
Suppose -5*q + 0*q = 0. Let l(s) = s**2 - 5*s - 1. Let m be l(6). Let h = m - q. What is the units digit of h?
5
Let y be (-32)/6 + 6/(-9). Let a be 6/(-4)*8/y. What is the units digit of a + -1*4 - -3?
1
Let u = -4 + 13. What is the units digit of u?
9
Let h(v) = 3*v - 3. Let x be h(4). Suppose -3*y = x, -y = -j - 4*j + 78. What is the units digit of j + -6 + (-3)/1?
6
Suppose 4*q + 5*k - 1 = 0, 4*q = k + 21 - 2. Suppose -b + g + 13 = 0, q*b = -0*b - 4*g + 76. What is the tens digit of b?
1
Suppose -4*r + 0*k + 4*k - 300 = 0, -4*k - 75 = r. What is the units digit of r/(-6) - 9/(-6)?
4
Let j(k) = 37*k**2. What is the units digit of j(-1)?
7
Let d be 2/(2/(-1))*0. Suppose 0 = 4*a - 4*i - d - 8, -5*i + 10 = 5*a. What is the units digit of a?
2
Let m = 200 - 116. What is the units digit of m?
4
Let n(f) = -f + 4. Let k be -13 - (-3)/(-1 + 2). What is the units digit of n(k)?
4
Let d = 779 + -510. What is the hundreds digit of d?
2
Let a be 3 + -3 + 1 + 0. Let p = a + 3. What is the units digit of p?
4
Let u(f) = -3*f - 10. Let q be u(-4). Suppose 3*g - 4*z = 11, -3*g + 3 = -2*g - q*z. What is the units digit of g?
5
Let h(a) = -a - 2. Let c = 10 + -5. Suppose -g + c = -2*g. What is the units digit of h(g)?
3
Suppose -4*q - 38 = -3*c, 2*c - 